ate (12 - 1 - -8) + -10.
9
What is (-20 - (1 + -15)) + 2?
-4
What is (0 - 1) + 2 - (-12 + 18 - 11)?
6
What is the value of 1 + 2 + 3 - (6 + -23) - 3?
20
What is -44 - -55 - (1 - (0 + -3))?
7
Calculate 9 + (-4 - (16 + -3)) - 4.
-12
(5 + -5 - (2 - -5)) + (-187 - -181)
-13
What is the value of (2 - (12 + -5 - 4)) + 4?
3
(21 - 5) + -5 - 3
8
What is the value of 2 - (-1 - (-2 + 0 + 4 + -8))?
-3
-7 + 17 - -26 - (5 - (-2 - -6))
35
Evaluate -12 + (0 + (1 - 10) + 2 - -26).
7
What is 17 + (3 - 15) + 1 + (-3 - -2)?
5
2 + 7 - (-6 + (-16 - -13))
18
What is the value of -7 - (0 - -3 - (-3 + -1) - 7)?
-7
Evaluate -1 - ((-1 - -7) + -9 + -8 + 13).
-3
-11 - (11 + -7 + (-12 - (13 - 9)))
1
-3 + (-4 + 0 + 4 - -8)
5
Evaluate -6 - ((-23 + 17 - -3) + 5 + -2).
-6
Calculate (10 - -11) + 4 + -7 + -13.
5
20 + (-8 + 5 + -10 - -5)
12
What is the value of (1 + -15 - (-38 + 29)) + 20?
15
What is 10 + 14 + -14 + -5?
5
Calculate -2 + 108 + -110 + 0 + 1 + -2.
-5
21 - -5 - (-3 + -3 + (-2 - -12))
22
11 + -11 + 12 + 4
16
Evaluate -23 + (5 - 6) + (13 - (7 + -1)).
-17
What is the value of 1 + (6 - (-1 + -6 + (6 - -1)))?
7
39 + -14 + -6 + -7
12
(4 - (4 + -3)) + 10 - (-3 + 4)
12
What is -10 + (5 - (3 + -9 + 1))?
0
What is the value of 12 - (14 + 0) - -4?
2
What is the value of -2 + 8 - (54 + -43) - -14?
9
9 + 0 + -1 + 11 + -14 + 5
10
Evaluate 3 - (22 + -36 + 7) - (1 + 2).
7
What is the value of 411 - 413 - (0 + -3)?
1
Calculate -15 + -34 + 54 + -33.
-28
What is 7 + 14 + 1 + -11?
11
What is 12 - (13 + -39 + 24)?
14
What is the value of 105 + -110 + (-3 - 0)?
-8
What is the value of -15 - (-5 + (-9 - -6) + (0 - -4))?
-11
Evaluate (-155 - -144) + (1 - -11).
1
24 - (42 + 16 - 23)
-11
Calculate 0 - -16 - (241 + -225).
0
(16 - 0) + (-9 - (3 - 0 - 8))
12
What is 19 - (-7 - (-1 - 18)) - 35?
-28
Calculate (6 - -10 - 41 - -8) + 1 + -3.
-19
What is (3 + -1 - -7) + -1 + -8?
0
Evaluate (-8 + 11 - 10) + 29 - (5 - -2).
15
Evaluate -3 + (-6 - (-7 - -3)) - (12 - -2).
-19
-17 - (14 + (-4 - 15 - -5))
-17
What is -13 + (2 - -26) + -3 + 13?
25
What is -3 + 13 - 2 - -3 - (34 + -33)?
10
What is the value of -7 - (31 + -8 - 9) - (-11 - -6)?
-16
-13 + 1 + 100 + -97 - -2
-7
-8 - (-5 - -3) - (0 + -51 + 21)
24
What is the value of (-3 - (3 + -4)) + 28 + -18 + 2?
10
What is 19 + (-9 - (-9 + 8 - 3))?
14
Calculate 28 - (5 + -3 - (-7 - -5) - 11).
35
Evaluate -17 + (7 + -3 - -26).
13
Calculate (8 - (32 - 14)) + (1 + -2 - -1).
-10
What is 75 + 23 + (9 - 69)?
38
Evaluate 25 - -11 - 41 - (1 - -13).
-19
What is 12 + (44 - (28 - 4))?
32
What is the value of -11 + (-6 - (6 - 13))?
-10
What is -10 + (-15 + 9 - -13)?
-3
What is 5 + 1 + -3 - (15 + (-51 - -20))?
19
What is the value of 20 + -8 - (-4 + 5 - -8 - 3)?
6
What is the value of -4 - (18 + -11 + -12 + 0 + 0)?
1
What is 11 - 16 - -5 - (-2 + -3) - 8?
-3
What is -3 + 2 - (8 - (-11 - -18))?
-2
Evaluate 34 - (-1 + 5 - (-133 - -120)).
17
-25 + (-9 + -2 + 4 - -9)
-23
What is the value of -6 + -2 - (-9 + 15 - 12 - 0)?
-2
What is the value of -7 - (-8 + 10 + -19)?
10
What is the value of -14 + 38 + -30 - (-1 + 6)?
-11
What is the value of 1 + (5 - 10) - (0 + 3 + 17)?
-24
What is the value of (-6 - -8 - 6) + -4 + 7?
-1
What is the value of 22 + (9 + 2 - 27) + 2 + -6?
2
Calculate (-8 - -2) + 27 + -25 + (-30 - -9).
-25
What is the value of (40 - 44) + (0 - -2 - 5)?
-7
What is -28 + 14 + 8 + 3?
-3
What is (-11 - ((9 - 15) + -6)) + -25?
-24
What is (-9 - 7) + (7 + 3 - 3 - 3)?
-12
Calculate 0 + (-17 - -7) + 7 + 9.
6
What is 27 + -30 + 3 - (12 - 2)?
-10
Calculate (-2 - (9 + -36 + 5 + -7)) + 11.
38
Evaluate 7 - -1 - (-336 + 312 - (0 - 40)).
-8
Calculate 14 - (19 + -12 + -1).
8
Evaluate 26 + -55 + -15 + 21.
-23
Calculate (-2 - (6 + 7)) + 14.
-1
What is -9 - -9 - (-2 - -7 - (0 - -3))?
-2
Evaluate 0 + -3 + (-5 + 0 - (-201 - -199)).
-6
Calculate -12 + (9 - (13 + -6)) + 6.
-4
What is the value of (-4 + 2 - (107 - 112)) + 15?
18
Calculate -4 + (92 + -56 - (3 + 2)).
27
What is -10 + 8 + (-7 - 3) + (-3 - 0)?
-15
9 - (4 + (6 + 0 - 9) + 5)
3
Evaluate -7 + -1 + (1 - 1) + (4421 - 4395).
18
What is (32 - 36 - (4 - (-2 - -3))) + 3?
-4
Calculate 13 + 0 + (38 - 56) + 25.
20
What is the value of -5 + 6 + 4 + -3 + -9 + 1?
-6
Evaluate 8 - (0 - 7 - (1 + -35 + 9)).
-10
Evaluate 6 + (-1 - (22 + -3) - -2).
-12
What is the value of -1 + 2 - 4 - (0 - -6)?
-9
Calculate 4 - 5 - (-10 - (-27 + 19)).
1
Evaluate -16 - (-17 - (-7 + 14)).
8
Calculate 9 - -3 - 6 - (1 + 1) - 17.
-13
What is -9 - (-14 - (17 + -38))?
-16
What is the value of 1 + -20 + 27 + 4 + 4 + 2?
18
Calculate 3 - -1 - 10 - -4.
-2
What is (23 - -11 - -15) + -29?
20
What is the value of 12 + (-14 - -9) - 7 - (4 + 1)?
-5
(14 + -9 + 15 - 10) + -13
-3
Calculate (-3 - 11 - 10) + 10.
-14
Evaluate -9 + 47 + -17 + -11.
10
-2 + (8 - 1) + (5 - (32 - 16))
-6
What is -6 + -2 + 2 + 30 + -8 + -9?
7
What is (-2 - 9) + 26 + -2?
13
-9 - -9 - (-10 + 14 + -7)
3
Calculate -25 + (-10 + 11 - -8) + (-1 - -10).
-7
Evaluate 3 + -22 + -200 + 218.
-1
Evaluate 2 + (1 - -1) + 8 + 10 + -25.
-3
What is the value of 0 - -35 - (728 - 701)?
8
What is the value of -31 + 32 + -5 + (7 - -2)?
5
What is 9 + 3 + (-8 - 3) + 3?
4
Calculate (-4 - -12) + 0 + (0 - 0).
8
9 - (3 - 6) - 3
9
What is (-10 + 9 - 1) + 40 + -7 + 6?
37
What is (7 - 17 - 9) + 5 - -11?
-3
What is (38 - 26 - 0) + 1 + -13?
0
Evaluate (12 - 4 - (-1 - -13)) + 8.
4
13 + 12 + 5 - (-1 - -3)
28
What is -256 - -212 - (-40 + 4)?
-8
What is the value of -3 - -1 - -15 - (167 + -160)?
6
Evaluate 2 - 8 - 11 - -10 - 5.
-12
What is 15 + -17 + -7 + 4 + 6 + 15?
16
Calculate -33 - (15 + (8 - 26) + (8 - 0)).
-38
-205 - -192 - (2 - (1 + -11))
-25
(13 - 0) + (-1 - 8)
4
What is -23 - -9 - ((5 - (7 + -4)) + -2)?
-14
What is the value of 1 + 21 + -65 + 65 + -6 + 3?
19
What is -5 - (-20 - (1 - 18))?
-2
What is the value of -17 + (17 - 15) + 15 + (22 - 1)?
21
Evaluate -1 + (14 - (3 - -4)) - (-1 - 0).
7
Evaluate -14 - (-3 + 6 - (32 + -17)).
-2
What is the value of 32 + (-2 - (14 - -10)) - (0 - 9)?
15
What is the value of (5 + -1 - 12) + 11?
3
What is the value of (-6 + -2 - 0) + 22?
14
Calculate -21 + (20 - 12) + (-1 - -3).
-11
What is the value of (-4 - (13 + 27)) + 4 + (2 - 1)?
-39
Calculate (-8 - (6 - 0)) + 8.
-6
What is the value of (4 - 1) + 8 - (-18 + 27 + -12)?
14
What is the value of 42 - 61 - (3 - 34)?
12
Calculate -123 + 110 - (1 - (6 + 0)).
-8
Calculate -10 + -4 + 12 + 6.
4
Evaluate (-5 - -1) + -12 + -19 + 11.
-24
Evaluate 0 + (-35 - -40) + (-4 - 2) - 22.
-23
What is 0 - ((11 - 28) + 11 + -3)?
9
What is -121 + 124 + (2 + (-22 - 3) - -2)?
-18
Evaluate -17 + 24 - (-15 - (-2 - 4)).
16
What is the value of -9 + (-15 + -42 - -29)?
-37
Calculate -1 - 18 - ((-2 + -1 - -12) + -17).
-11
What is -7 - 14 - -16 - 0 - (-1 + -19)?
15
What is the value of -44 - (4 - -23) - -33?
-38
What is (-17 - (10 + -17)) + -17 + 0 - -7?
-20
-9 + (18 - (2 + 0)) + 10
17
What is the value of (-33 - -8) + (33 - 18)?
-10
Calculate -385 + 359 - (-1 - 3).
-22
Evaluate 4 - (2 - (-2 - -1 - 2)).
-1
What is -7 + (15 - (-6 - -13) - -2)?
3
What is the value of -19 + (-5 + -8 - 1) + 19?
-14
What is 26 + (-7 - 8) - (-1 - -11)?
1
What is (-7 - (3 + -16)) + 0 + -2 + 2?
6
Calculate (-4 - -1) + -5 + (16 - 13) + -2.
-7
Evaluate 29 + -32 + 3 - (1 + (16 - 3)).
-14
Calculate -16 - (1 + -21 + 3).
1
What is 634 - 639 - (1 - (2 + -2))?
-6
Evaluate -1 + -2 + -1 + (-8 - -15) - -35.
38
Calculate -24 + 23 + 15 - (9 - -2).
3
17 + -25 + (5 + -3 - -25)
19
What is the value of (-31 + 5 - -29) + 17?
20
Calculate 1 + (-9 - (-4 - 4)) + 5 + 1.
6
Calculate -19 + 5 - -16 - 11.
-9
Evaluate -2 - (-3 - 3 - (15 - 18)).
1
What is -14 + -21 + 32 - (2 + (-4 - -1))?
-2
Evaluate 45 + -2 + (-28 - -6).
21
Evaluate -30 - (-28 + -1) - 29.
-30
What is 10 + 2 + -25 + 2 + 19 + 5?
13
Evaluate -9 + (12 - 4 - (-3 - (4 + -14))).
-8
What is the value of (57 - 6) + -42 - (-9 + -1 + 0)?
19
2 + 10 - (2 + -17 - -19)
8
What is 29 + -16 - (-1 + 0 + 4)?
10
What is (-6 - 11) + (5 + -5 - 1)?
-18
(95 - 108) + (0 - -4)
-9
What is -23 - (-33 - -28 - 17)?
-1
What is -6 + (-1 - ((12 - 5) + -10))?
-4
Calculate 0 + 0 - (3 + 18 + -11 + 4).
-14
Evaluate 15 - (10 + 0 + -2 - (2 + 3)).
12
What is 11 + 1 + (10 - (-12 - -35) - -10)?
9
5 - (0 - 6 - 2)
13
Calculate 2 + 15 + -45 + 19.
-9
What is (-154 - -171) + (-13 - 1)?
3
What is -10 - (9 - 5) - 